[INFO] fetching crate obnth 0.1.1...
[INFO] building obnth-0.1.1 against master#881c1ac408d93bb7adaa3a51dabab9266e82eee8 for issue-85264
[INFO] extracting crate obnth 0.1.1 into /workspace/builds/worker-5/source
[INFO] validating manifest of crates.io crate obnth 0.1.1 on toolchain 881c1ac408d93bb7adaa3a51dabab9266e82eee8
[INFO] running `Command { std: "/workspace/cargo-home/bin/cargo" "+881c1ac408d93bb7adaa3a51dabab9266e82eee8" "metadata" "--manifest-path" "Cargo.toml" "--no-deps", kill_on_drop: false }`
[INFO] started tweaking crates.io crate obnth 0.1.1
[INFO] finished tweaking crates.io crate obnth 0.1.1
[INFO] tweaked toml for crates.io crate obnth 0.1.1 written to /workspace/builds/worker-5/source/Cargo.toml
[INFO] running `Command { std: "/workspace/cargo-home/bin/cargo" "+881c1ac408d93bb7adaa3a51dabab9266e82eee8" "generate-lockfile" "--manifest-path" "Cargo.toml" "-Zno-index-update", kill_on_drop: false }`
[INFO] running `Command { std: "/workspace/cargo-home/bin/cargo" "+881c1ac408d93bb7adaa3a51dabab9266e82eee8" "fetch" "--manifest-path" "Cargo.toml", kill_on_drop: false }`
[INFO] running `Command { std: "docker" "create" "-v" "/var/lib/crater-agent-workspace/builds/worker-5/target:/opt/rustwide/target:rw,Z" "-v" "/var/lib/crater-agent-workspace/builds/worker-5/source:/opt/rustwide/workdir:ro,Z" "-v" "/var/lib/crater-agent-workspace/cargo-home:/opt/rustwide/cargo-home:ro,Z" "-v" "/var/lib/crater-agent-workspace/rustup-home:/opt/rustwide/rustup-home:ro,Z" "-e" "SOURCE_DIR=/opt/rustwide/workdir" "-e" "CARGO_TARGET_DIR=/opt/rustwide/target" "-e" "CARGO_HOME=/opt/rustwide/cargo-home" "-e" "RUSTUP_HOME=/opt/rustwide/rustup-home" "-w" "/opt/rustwide/workdir" "-m" "1610612736" "--user" "0:0" "--network" "none" "ghcr.io/rust-lang/crates-build-env/linux@sha256:20528e8c29e4536546f0102ce88568b16ea7538393a33fcca951030f7af10457" "/opt/rustwide/cargo-home/bin/cargo" "+881c1ac408d93bb7adaa3a51dabab9266e82eee8" "metadata" "--no-deps" "--format-version=1", kill_on_drop: false }`
[INFO] [stderr] WARNING: Your kernel does not support swap limit capabilities or the cgroup is not mounted. Memory limited without swap.
[INFO] [stdout] 24f65c9987ba99269d6a820d89ba7895527b7304985427b670d997ad40f18cb4
[INFO] running `Command { std: "docker" "start" "-a" "24f65c9987ba99269d6a820d89ba7895527b7304985427b670d997ad40f18cb4", kill_on_drop: false }`
[INFO] running `Command { std: "docker" "inspect" "24f65c9987ba99269d6a820d89ba7895527b7304985427b670d997ad40f18cb4", kill_on_drop: false }`
[INFO] running `Command { std: "docker" "rm" "-f" "24f65c9987ba99269d6a820d89ba7895527b7304985427b670d997ad40f18cb4", kill_on_drop: false }`
[INFO] [stdout] 24f65c9987ba99269d6a820d89ba7895527b7304985427b670d997ad40f18cb4
[INFO] running `Command { std: "docker" "create" "-v" "/var/lib/crater-agent-workspace/builds/worker-5/target:/opt/rustwide/target:rw,Z" "-v" "/var/lib/crater-agent-workspace/builds/worker-5/source:/opt/rustwide/workdir:ro,Z" "-v" "/var/lib/crater-agent-workspace/cargo-home:/opt/rustwide/cargo-home:ro,Z" "-v" "/var/lib/crater-agent-workspace/rustup-home:/opt/rustwide/rustup-home:ro,Z" "-e" "SOURCE_DIR=/opt/rustwide/workdir" "-e" "CARGO_TARGET_DIR=/opt/rustwide/target" "-e" "CARGO_INCREMENTAL=0" "-e" "RUST_BACKTRACE=full" "-e" "RUSTFLAGS=--cap-lints=forbid" "-e" "CARGO_HOME=/opt/rustwide/cargo-home" "-e" "RUSTUP_HOME=/opt/rustwide/rustup-home" "-w" "/opt/rustwide/workdir" "-m" "1610612736" "--user" "0:0" "--network" "none" "ghcr.io/rust-lang/crates-build-env/linux@sha256:20528e8c29e4536546f0102ce88568b16ea7538393a33fcca951030f7af10457" "/opt/rustwide/cargo-home/bin/cargo" "+881c1ac408d93bb7adaa3a51dabab9266e82eee8" "build" "--frozen" "--message-format=json", kill_on_drop: false }`
[INFO] [stderr] WARNING: Your kernel does not support swap limit capabilities or the cgroup is not mounted. Memory limited without swap.
[INFO] [stdout] e9b304176fcdfff5db7ceb4ba068954afccd131c22d37c0513f8b8d13d13c0be
[INFO] running `Command { std: "docker" "start" "-a" "e9b304176fcdfff5db7ceb4ba068954afccd131c22d37c0513f8b8d13d13c0be", kill_on_drop: false }`
[INFO] [stderr]    Compiling bitflags v1.2.1
[INFO] [stderr]    Compiling cfg-if v0.1.10
[INFO] [stderr]    Compiling obnth v0.1.1 (/opt/rustwide/workdir)
[INFO] [stdout] error[E0308]: mismatched types
[INFO] [stdout]   --> src/dir/mod.rs:31:27
[INFO] [stdout]    |
[INFO] [stdout] 31 |         const NOREPLACE = libc::RENAME_NOREPLACE;
[INFO] [stdout]    |                           ^^^^^^^^^^^^^^^^^^^^^^ expected `i32`, found `u32`
[INFO] [stdout] 
[INFO] [stdout] 
[INFO] [stdout] error[E0308]: mismatched types
[INFO] [stdout]   --> src/dir/mod.rs:33:26
[INFO] [stdout]    |
[INFO] [stdout] 33 |         const EXCHANGE = libc::RENAME_EXCHANGE;
[INFO] [stdout]    |                          ^^^^^^^^^^^^^^^^^^^^^ expected `i32`, found `u32`
[INFO] [stdout] 
[INFO] [stdout] 
[INFO] [stdout] error[E0308]: mismatched types
[INFO] [stdout]   --> src/dir/mod.rs:38:26
[INFO] [stdout]    |
[INFO] [stdout] 38 |         const WHITEOUT = libc::RENAME_WHITEOUT;
[INFO] [stdout]    |                          ^^^^^^^^^^^^^^^^^^^^^ expected `i32`, found `u32`
[INFO] [stdout] 
[INFO] [stdout] 
[INFO] [stdout] error: aborting due to 3 previous errors
[INFO] [stdout] 
[INFO] [stdout] 
[INFO] [stdout] For more information about this error, try `rustc --explain E0308`.
[INFO] [stdout] 
[INFO] [stderr] error: could not compile `obnth`
[INFO] [stderr] 
[INFO] [stderr] To learn more, run the command again with --verbose.
[INFO] running `Command { std: "docker" "inspect" "e9b304176fcdfff5db7ceb4ba068954afccd131c22d37c0513f8b8d13d13c0be", kill_on_drop: false }`
[INFO] running `Command { std: "docker" "rm" "-f" "e9b304176fcdfff5db7ceb4ba068954afccd131c22d37c0513f8b8d13d13c0be", kill_on_drop: false }`
[INFO] [stdout] e9b304176fcdfff5db7ceb4ba068954afccd131c22d37c0513f8b8d13d13c0be
